 factors of u(4)?
17
List the prime factors of ((-3)/(-2))/(-1)*(-16)/12.
2
Let n(x) = 6*x**2 + x - 1. List the prime factors of n(-2).
3, 7
Let a(t) = t**2 + t - 1. Let p(f) = f**3 - 8*f**2 - 9*f - 4. Let u(r) = -2*a(r) - p(r). What are the prime factors of u(7)?
2, 3
Let p(f) = f + 36. What are the prime factors of p(-17)?
19
Suppose -3*p = -0*p - 24. Let x be 6/p*(-8)/(-2). Suppose x*u - 4*u + 11 = 0. List the prime factors of u.
11
Let g(m) = 10*m**3 + 4*m**2 - 4*m + 2. Let t be g(2). Let z = 135 - t. What are the prime factors of (-47)/(-9) - 10/z?
5
Suppose 5*y = 3*f - 54 - 23, -119 = -5*f - y. What are the prime factors of f?
2, 3
Let v(g) = -5 - 4 - 7*g + 2*g - 4*g. What are the prime factors of v(-4)?
3
Let l = 7 - 10. Let i be l - 60/(-3)*2. Let c = i + -21. List the prime factors of c.
2
Let v = -30 + 140. List the prime factors of v.
2, 5, 11
Let i(r) = -r**2 + 12*r - 11. Let c be i(10). What are the prime factors of (7 - c)*15/(-2)?
3, 5
Suppose 2*w = -2*w + 140. List the prime factors of w.
5, 7
Let i(j) = -9*j**3 - 4*j**2 + j + 2. List the prime factors of i(-3).
2, 103
What are the prime factors of 2/16 + (-10637)/(-88)?
11
Suppose -5*r - 2 = -22. Suppose i + r*f = 8, -3*f = 2*i - 3*i + 22. What are the prime factors of i?
2
Suppose -7 = -g - 5. List the prime factors of (220/25)/(g/5).
2, 11
Let q(k) = 2*k - 8. Let y(l) = -1. Let f(r) = -9*r + 30. Let g(b) = f(b) - 3*y(b). Let u(n) = 5*g(n) + 21*q(n). What are the prime factors of u(-3)?
2, 3
Suppose -10 = s + 2*f, 5*f - 7 = 4*s + 7. What are the prime factors of (13/3)/((-2)/s)?
13
Let m(z) = z + 4. Let g be m(0). Suppose -14 = -g*k - 38. Let r = -2 - k. List the prime factors of r.
2
List the prime factors of (-6 + 75)/(3/2).
2, 23
Let r be ((-8)/(-10))/((-2)/(-5)). Suppose 3*o - 21 + 3 = 5*j, -12 = -r*o + 4*j. What are the prime factors of o?
2, 3
Let x be (4/(-6))/(2/(-6)). Let y(z) = -7 + 0*z + x - 4*z. List the prime factors of y(-4).
11
Let x(k) = -k - 2. Let d be x(-5). Suppose 4 = 3*i - 8. Suppose 5*y - 1 = -d*g + 35, 0 = -i*y. List the prime factors of g.
2, 3
Let d be (-3)/(3 - 0) - -3. Suppose 80 = 2*r + d*r. List the prime factors of r.
2, 5
Suppose -4*z - 3 = -7*z + 3*s, 4*s - 12 = 0. What are the prime factors of z?
2
Let n(w) = w**2 + 6*w + 6. Let o be n(-6). Let b = 12 - o. List the prime factors of b.
2, 3
Suppose -187 = -5*b + 28. What are the prime factors of b?
43
Let m(i) = i - 9. Let d be m(7). Let s be 1/2*(d - -2). Suppose -4*g + 5*g - 12 = s. List the prime factors of g.
2, 3
Suppose 82 + 29 = 3*n. What are the prime factors of n?
37
Let j = -9 - -16. Suppose j*a - 100 = 2*a. List the prime factors of a.
2, 5
Suppose -5*w + 15 = -0*w. Suppose -z = d - 25, w*z - 96 = -4*d + z. Suppose -5*s + d = -37. What are the prime factors of s?
2, 3
Let j = -46 + 137. Let i = j + -45. What are the prime factors of i?
2, 23
Suppose -4*x + 2*f = -289 - 211, -x - 5*f + 125 = 0. What are the prime factors of x?
5
Let d = -199 - -327. What are the prime factors of d?
2
Let v(w) = -w**3 + 9*w**2 + w + 11. List the prime factors of v(9).
2, 5
Suppose -4*i - 4 = 0, 4*g - i = -3*i - 30. Let n = 11 + g. List the prime factors of n.
2
Let h(w) = 6*w**2 + 15*w + 6. Let u(s) = -5*s**2 - 14*s - 5. Let c(i) = 6*h(i) + 7*u(i). List the prime factors of c(9).
2, 5
List the prime factors of (((-16)/6)/(-4))/((-6)/(-711)).
79
Suppose -5*x + i = 6*i - 15, -5*x = -2*i - 8. Suppose x*s - h = 2*h + 41, 0 = -5*s - 2*h + 55. What are the prime factors of s?
13
Suppose k = -2*f - 1, 5*f + 1 = -2*k + k. Suppose -2*v - 2*v + 24 = f. List the prime factors of 2/(-2) - (-66)/v.
2, 5
Let a = 2 + 20. Let f = a - -6. Suppose 0 = -q - 10 + f. What are the prime factors of q?
2, 3
Suppose -4*v = -p - 219, 3*v + 5*p = 2*v + 39. List the prime factors of v.
2, 3
Suppose 0 = 2*l + s - 206, 2*s + 12 = -s. What are the prime factors of l?
3, 5, 7
Let l(n) be the third derivative of n**6/120 + n**5/20 - n**4/8 + n**3/6 - 2*n**2. Let m be l(-3). What are the prime factors of (m/8)/(1/4)?
5
Suppose -2*s + 2 = -2. Suppose 2*t - 10 = t + 3*v, t + s*v = 25. List the prime factors of t.
19
Let f(z) = z**2 + 5*z + 4. Let c(x) = x**2 + 7*x + 4. Let h be c(-5). List the prime factors of f(h).
2, 5
Let q = 7 + 29. Suppose 4*w - q = -0*w. Let f = w - 3. List the prime factors of f.
2, 3
Let g be 16/6 + (-2)/(-6). Suppose 0 = -g*f + 3*u, -5*u + 3 = -2*f + 18. Let w(j) = -2*j - 2. What are the prime factors of w(f)?
2
Let w = 0 + 3. Suppose 5*y - 3 = -w*g - 6, -y - 4 = 4*g. Suppose -3*q + 1 = -5*z, y*q = 5*q + z - 11. List the prime factors of q.
2
Let c be 152/2 - (3 - 2). Suppose -f = -3*h - 3 - 28, 0 = 3*f - 3*h - c. What are the prime factors of f?
2, 11
Suppose -z - 15 = -5*n + 2*z, -3*n + 3*z = -9. Suppose -2*o + 0*i - 3*i = -28, n*o - i - 31 = 0. List the prime factors of o.
11
Suppose -4*h - 2*w = -0*h - 106, 0 = -3*w + 9. What are the prime factors of h?
5
Let s be (-4)/6 - 14/(-3). Suppose -5*q + 6 = -s. Suppose q*h - h - 2 = 0. What are the prime factors of h?
2
Suppose 3*q - 8*q + 10 = 0. Let m be (-86)/11 + q/(-11). Let j = 13 + m. List the prime factors of j.
5
Let z = 79 - 40. Suppose 0*b - z = -3*b. What are the prime factors of b?
13
List the prime factors of 648/15 + 2/(-10).
43
Suppose -4*b = -b - 18. Suppose 5*q - 20 = -0*q. Suppose -q*d + 30 = b. List the prime factors of d.
2, 3
Suppose 5*b - 5*y - 358 = -2*y, 132 = 2*b - 4*y. List the prime factors of b.
2, 37
What are the prime factors of (-485)/(-25) - 6/(-10)?
2, 5
Let k(b) = -2*b**2 + 7*b + 2. Let o be k(6). Let d be o/(-6)*(-54)/(-21). Suppose h - 6 = 5*r + d, h = r + 10. List the prime factors of h.
2
Suppose 3*h + 5*v - 26 = 0, -2*v = h + 3*v - 22. What are the prime factors of (5 - h)/(4/24)?
2, 3
Let j be -2 + 5/(5/2). Suppose -5*c + 2*c - 18 = j. Let g = 14 + c. List the prime factors of g.
2
List the prime factors of ((-14)/(-5))/(18/45).
7
Suppose v - 3*x - 5 - 3 = 0, -2*v - 17 = 5*x. What are the prime factors of v + 10*(-9)/(-6)?
2, 7
Let l(q) = q**2 - 8*q + 2. Let s(t) = -t**2 + 8*t - 1. Let d(y) = -4*l(y) - 3*s(y). What are the prime factors of d(6)?
7
Let z(a) = -a**2 + 13*a - 5. What are the prime factors of z(12)?
7
Let p = -10 + 40. List the prime factors of (-4)/(-16) + p/8.
2
Let l be (12/(0 - -2))/1. Suppose -4*j - 26 = -l. Let h(p) = p**2 + 3*p. List the prime factors of h(j).
2, 5
Let y(o) = o**3 + 7*o**2 + 6*o + 2. Suppose m = -a - 5, -3*a + 0*a + 4*m = 22. What are the prime factors of y(a)?
2
Suppose v = 34 - 272. Let z be v/(-10) - (-2)/10. Let n = -15 + z. What are the prime factors of n?
3
Suppose -10*y + 393 = -7*y. What are the prime factors of y?
131
Suppose -o - 9 + 131 = 4*f, -5*f + 455 = 4*o. What are the prime factors of o?
2, 5, 11
List the prime factors of (4 + 21/(-6))*6.
3
Suppose -3*l + 0 - 3 = -2*x, 0 = -x - 5*l - 5. Let v be (-2 - -4) + 1 + x. What are the prime factors of 49/4 - v/12?
2, 3
Let k(y) be the first derivative of 5*y**2/2 - 8*y + 5. What are the prime factors of k(8)?
2
Suppose -4*j + 606 = -82. Suppose -2*u + j = 2*u. What are the prime factors of u?
43
Let m = 71 + -42. What are the prime factors of m?
29
Suppose h = -5*x - 5, -h - 4*h - 25 = -4*x. Let u(r) = r**2 + 4*r + 4. Let b be u(h). Suppose -5*q = -21 - b. What are the prime factors of q?
2, 3
Let c(q) be the second derivative of -q**3/2 - q**2/2 + 3*q. What are the prime factors of c(-2)?
5
Let q(h) = -h**2 + 6*h + 3. Let g be q(5). What are the prime factors of (-2)/g + 75/12?
2, 3
Let n = 16 + -13. Suppose 3*z = -n*c + 39, z - 1 = -0*z + 3*c. What are the prime factors of z?
2, 5
Let a(f) = f**2 - 2*f - 5. Let k be a(4). Suppose 12 = 4*m - k*m. What are the prime factors of m?
2, 3
Let x(o) be the third derivative of o**5/60 - o**4/12 + o**3/6 - o**2. List the prime factors of x(4).
3
Let c(h) be the second derivative of -h**6/40 - h**5/60 + h**2/2 - h. Let x(a) be the first derivative of c(a). List the prime factors of x(-1).
2
Let b(s) = -s. Let t be b(4). Suppose 4*p - 3 - 12 = -3*z, -2*z = -p + 12. Let k = t + p. List the prime factors of k.
2
List the prime factors of (-4)/(-6)*(-1752)/(-16).
73
Suppose -5*t = -2*t. Suppose 0*l - 5*l - 3*p + 59 = t, -3*l + 31 = 4*p. What are the prime factors of l?
13
Let f be (-224